65
In base 4, what is 2 + 100?
102
In base 12, what is a4 - -4?
a8
In base 3, what is 0 + 211?
211
In base 11, what is 1244 + 2?
1246
In base 8, what is -4 + 1003?
777
In base 4, what is 2 + -203?
-201
In base 10, what is -4 + 261?
257
In base 6, what is 4 - -4?
12
In base 10, what is -8 - 4?
-12
In base 7, what is -212 - 0?
-212
In base 11, what is -3068 + 4?
-3064
In base 9, what is -35 + -3?
-38
In base 2, what is -100 + -10100000?
-10100100
In base 4, what is -1 - 13011?
-13012
In base 5, what is 33 - 221?
-133
In base 2, what is 0 + -11010110001?
-11010110001
In base 2, what is 1101110011100 - 0?
1101110011100
In base 9, what is -14 + -578?
-603
In base 8, what is -1 + 164?
163
In base 7, what is -233 - 5?
-241
In base 7, what is -2 + -4520?
-4522
In base 15, what is -1 - -2?
1
In base 13, what is 34ab + -6?
34a5
In base 14, what is a9 - -15?
c0
In base 3, what is -20 + 11001?
10211
In base 14, what is 8 + a8?
b2
In base 8, what is -62 - -7?
-53
In base 5, what is -10 + 4211?
4201
In base 5, what is -423 + 12?
-411
In base 10, what is -4 + -1459?
-1463
In base 16, what is -1c - 41?
-5d
In base 15, what is -5 + 2?
-3
In base 14, what is -2 - -6?
4
In base 11, what is 451 - 5?
447
In base 15, what is -18a - -5?
-185
In base 15, what is 1 + -52?
-51
In base 3, what is -221 + -1?
-222
In base 9, what is 3 - 71?
-67
In base 10, what is -14593 - 3?
-14596
In base 8, what is 433 - 21?
412
In base 6, what is -43 + -12?
-55
In base 16, what is 2 - -2e?
30
In base 9, what is -5 - -272?
266
In base 8, what is -1 - -41?
40
In base 15, what is -132 + 0?
-132
In base 8, what is 45 + 11?
56
In base 5, what is -3 - 120312?
-120320
In base 16, what is 4 + -34?
-30
In base 8, what is -4 - 145?
-151
In base 7, what is 14 + 21?
35
In base 14, what is -28 - -b?
-1b
In base 12, what is 47 + 0?
47
In base 5, what is 210 + -2?
203
In base 12, what is -bb - -4?
-b7
In base 5, what is -12 + -303?
-320
In base 12, what is 1 + 1018?
1019
In base 7, what is -114 + -200?
-314
In base 4, what is 1003 - -101?
1110
In base 8, what is 110 - 5?
103
In base 2, what is 10010 - 100001010?
-11111000
In base 9, what is 308 - 4?
304
In base 4, what is 3 - 112130?
-112121
In base 2, what is 100011101110 + 10?
100011110000
In base 5, what is -21102 + -13?
-21120
In base 12, what is 2 + 2b7?
2b9
In base 15, what is 3 + 8?
b
In base 6, what is -10 + -350?
-400
In base 7, what is -263 - -35?
-225
In base 7, what is -4 - -64?
60
In base 8, what is -1 + -530?
-531
In base 2, what is -100000011 - -1?
-100000010
In base 11, what is 150 - -8?
158
In base 15, what is -15 + -4?
-19
In base 6, what is -255 + -4?
-303
In base 8, what is -5 - -50?
43
In base 14, what is -19 - 70?
-89
In base 15, what is -5333 - -5?
-532d
In base 10, what is -1 - -1446?
1445
In base 14, what is 5 + 156?
15b
In base 2, what is -1000110110001 - -11?
-1000110101110
In base 16, what is 4 - af?
-ab
In base 13, what is -22 - -66?
44
In base 12, what is -7b + -2?
-81
In base 16, what is 17 - 1?
16
In base 4, what is 2 + -1012?
-1010
In base 15, what is 47c - a?
472
In base 3, what is 1 - 1022?
-1021
In base 10, what is 9 - 0?
9
In base 7, what is 316 + -1?
315
In base 13, what is b - 5b?
-50
In base 8, what is 3776 - 2?
3774
In base 10, what is -6958 + 4?
-6954
In base 6, what is -20 + 551?
531
In base 11, what is -3 + 145?
142
In base 6, what is 23301 + -2?
23255
In base 6, what is 3 - 101?
-54
In base 16, what is -1 + -15f?
-160
In base 13, what is 4 - -370?
374
In base 16, what is 2dae + -5?
2da9
In base 9, what is 10 + 34?
44
In base 2, what is 0 - 10100?
-10100
In base 3, what is 1011112 - -11?
1011200
In base 16, what is -7 + 15?
e
In base 5, what is 2 + 13?
20
In base 10, what is 1 + 70?
71
In base 3, what is -1001 - -12?
-212
In base 10, what is 2 + 8?
10
In base 14, what is 4 - -48?
4c
In base 4, what is -1201 - -1132?
-3
In base 10, what is -841 + -2?
-843
In base 3, what is -10111112010 + -12?
-10111112022
In base 2, what is 0 - -110?
110
In base 8, what is 216 + 2?
220
In base 10, what is -47 - 0?
-47
In base 8, what is -1 + -22?
-23
In base 4, what is 11 - 103030?
-103013
In base 11, what is -2 - -162?
160
In base 5, what is 41 + -2?
34
In base 10, what is -161 + -27?
-188
In base 10, what is -2 + 9?
7
In base 6, what is -5 + -2534?
-2543
In base 2, what is -110110010110000 + -11?
-110110010110011
In base 3, what is 12101 - -10?
12111
In base 3, what is 2112 - 21?
2021
In base 12, what is 48a - 0?
48a
In base 16, what is -56 - 0?
-56
In base 6, what is -1 - -2?
1
In base 13, what is 1 - -48?
49
In base 7, what is 11 - -35?
46
In base 8, what is -3 + -3532?
-3535
In base 15, what is -134b + 0?
-134b
In base 4, what is -11 + 323?
312
In base 5, what is 3 - -2343?
2401
In base 6, what is 2151 - -2?
2153
In base 12, what is -619 + 3?
-616
In base 9, what is 113 - 4?
108
In base 10, what is -530 - -1?
-529
In base 10, what is 0 - -762?
762
In base 5, what is -400 + -231?
-1131
In base 5, what is -3 + -122030?
-122033
In base 13, what is -10 + 5?
-8
In base 15, what is 7 - -513?
51a
In base 8, what is 44 - 7?
35
In base 2, what is -110 - 11010110?
-11011100
In base 4, what is -2 - 3310?
-3312
In base 11, what is 227 + 15?
241
In base 15, what is -497 - -4?
-493
In base 9, what is -5476 + 5?
-5471
In base 16, what is 4 - -9a?
9e
In base 10, what is 12 - 456?
-444
In base 9, what is 1446 + -5?
1441
In base 11, what is 0 - -27?
27
In base 16, what is -1c - 50?
-6c
In base 14, what is -a - -2?
-8
In base 15, what is -5 - e0b?
-e11
In base 12, what is -9 - 4?
-11
In base 5, what is -4 - 200?
-204
In base 14, what is 3 - 7b?
-78
In base 4, what is 3222 + -31?
3131
In base 15, what is -217 + 5?
-212
In base 16, what is bc + 15?
d1
In base 2, what is 1 + -1000100?
-1000011
In base 4, what is 10 - 230?
-220
In base 4, what is -1032213 - -3?
-1032210
In base 8, what is 3 + 47?
52
In base 2, what is -101 - -10111010?
10110101
In base 8, what is 0 - -6?
6
In base 13, what is -2 - -14?
12
In base 16, what is -90c + -2?
-90e
In base 11, what is -510 + 6?
-505
In base 5, what is -22120 + 1?
-22114
In base 10, what is 22 + -77?
-55
In base 8, what is -2 - -2554?
2552
In base 10, what is -4 - 731?
-735
In base 11, what is -10 + 45?
35
In base 15, what is -5 + -71?
-76
In base 3, what is 202 + -201102?
-200200
In base 2, what is 101011100111100 + 11?
101011100111111
In base 12, what is -42 + -188?
-20a
In base 9, what is 1 + 666?
667
In base 8, what is -4664 + 13?
-4651
In base 14, what is -c + 4?
-8
In base 6, what is 4 - 2430?
-2422
In base 8, what is -25 + -7?
-34
In base 9, what is -4 - -534?
530
In base 8, what is 4 + 1727?
1733
In base 8, what is -72 - -151?
57
In base 8, what is 7 - 0?
7
In base 7, what is -14 - 13?
-30
In base 13, what is -462 - -c?
-453
In base 11, what is 1 - -5a36?
5a37
In base 12, what is -744 - 2?
-746
In base 3, what is -2 + 1020?
1011
In base 15, what is edd - -1?
ede
In base 2, what is 101 + 110100?
111001
In base 2, what is -111010111 - -100?
-111010011
In base 8, what is -1 - -116?
115
In base 7, what is 603 + 5?
611
In base 15, what is 3bc - 4?
3b8
In base 8, what is -6 + 324?
316
In base 10, what is 3298 - 0?
3298
In base 8, what is -610 + 5?
-603
In base 13, what is -3 + -42?
-45
In base 11, what is -2346 + 2?
-2344
In base 16, what is 5 + -28?
-23
In base 7, what is 3 + -25?
-22
In base 8, what is 2 + -47?
-45
In base 6, what is -112 + -335?
-451
In base 9, what is -23 - -23?
0
In base 16, what is 1c1 - 0?
1c1
In base 16, what is -27a - -4?
-276
In base 15, what is -5 - -5?
0
In base 16, what is -2b1d - -5?
-2b18
In base 3, what is -122102 - -2?
-122100
In base 16, what is -1 + -798?
-799
In base 9, what is 430 + -6?
423
In base 13, what is -2 + 34?
32
In base 3, what is -11200 - -1?
-11122
In base 10, what is -3488 - -3?
-3485
In base 14, what is -15b + -4?
-161
In base 10, what is 36 - 4?
32
In base 6, what is -13 - 45?
-102
In base 12, what is 0 + -380?
-380
In base 11, what is -2 - -278?
276
In base 8, what is -2177 - -5?
-2172
In base 5, what is 2 + 2042?
2044
In base 3, what is -10210 - -11?
-10122
In base 3, what is -11020222 + 10?
-11020212
In base 6, what is 1440 + -2?
1434
In base 6, what is -5 - -32?
23
In base 15, what is -c - 3a?
-47
In base 5, what is -44 - -241?
142
In b